t t(u) = -255*u + 64103. Calculate t(252).
-157
Let s(t) = -t**3 + 5*t**2 + 300*t - 17. Calculate s(17).
1615
Let m(c) = -c**2 - 169*c - 409. Calculate m(-159).
1181
Let w(x) = x**3 - 288*x**2 + 8633*x + 801. Determine w(254).
39
Let n(q) = -117146*q + 1171502. Give n(10).
42
Let d(g) = 2*g**3 - 399*g**2 - 42*g + 47938. Calculate d(199).
-21
Let m(s) = s**3 - 12*s**2 - 3*s + 9. Calculate m(6).
-225
Let w(j) = 3*j**3 - 183*j**2 + 14*j - 114. Determine w(61).
740
Let j(q) = q**3 + 30*q**2 + 250*q + 1152. Calculate j(-18).
540
Let g(w) = -15697*w - 4. What is g(0)?
-4
Let o(u) = -6980*u - 95. Determine o(0).
-95
Let h(j) = -179143*j + 1074862. Determine h(6).
4
Let h(g) = 4*g**3 - 839*g**2 - 195*g - 3330. Give h(210).
-180
Let x(s) = -2*s**3 + 89*s**2 + 260*s - 1191. Determine x(47).
-16
Let l(u) = 2*u**2 - 572*u - 7461. What is l(-13)?
313
Let d(f) = 2*f**3 - 252*f**2 + 4200*f + 4234. What is d(106)?
-6
Let l(s) = 3*s**3 - 296*s**2 + 187*s + 882. Calculate l(98).
0
Let g(b) = -3*b**2 - 5981*b - 2979852. What is g(-977)?
-2
Let m(r) = -r**2 + 349*r + 7156. Give m(-20).
-224
Let c(r) = -152*r**2 + 77977*r - 505. Calculate c(513).
8
Let h(s) = -881*s + 340976. Give h(387).
29
Let b(n) = 2*n**3 - 97*n**2 - 137*n - 652. Determine b(50).
-2
Let z(t) = -t**3 + 88*t**2 - 2065*t + 11129. What is z(53)?
-1
Let h(z) = -25*z**3 - 41*z**2 + 51*z + 101. What is h(-2)?
35
Let p(i) = 699*i - 3357. Determine p(6).
837
Let w(m) = 607*m**2 + 4875*m + 94. Calculate w(-8).
-58
Let p(l) = 29*l**2 - 418*l - 634. Give p(17).
641
Let s(y) = 69*y**3 + 13*y**2 - 3*y - 25. Give s(-2).
-519
Let c(w) = -18*w**3 + w**2 + 574*w + 1139. Determine c(-2).
139
Let q(y) = -299*y + 1222. Determine q(3).
325
Let s(n) = 5199*n**2 - 62372*n - 123. What is s(12)?
69
Let a(f) = -f**2 + 455976*f - 2279862. What is a(5)?
-7
Let l(o) = -253*o**2 - 3052*o - 29. What is l(-12)?
163
Let z(s) = 7*s**2 - 2604*s - 66572. Determine z(396).
-44
Let t(u) = u**3 + 46*u**2 - 123*u - 1182. What is t(-48)?
114
Let t(q) = -q**3 + 632*q**2 - 33292*q + 4. Determine t(58).
4
Let h(v) = -2*v**3 - 91*v**2 + 366*v + 1152. What is h(-49)?
25
Let o(g) = -1860*g + 453863. What is o(244)?
23
Let u(x) = -61085*x - 1832537. Calculate u(-30).
13
Let k(r) = 12*r**3 - 502*r**2 - 96*r + 493. What is k(42)?
-11
Let j(g) = -g**3 - 126*g**2 + 789*g + 15. Calculate j(6).
-3
Let z(i) = 1144*i + 42362. What is z(-37)?
34
Let l(p) = 12*p**2 - 480*p - 937. Determine l(40).
-937
Let u(m) = -1738*m + 48363. Give u(28).
-301
Let r(x) = -445*x - 38778. Give r(-88).
382
Let o(k) = 92792*k**2 - 278379*k - 2. Give o(3).
-11
Let y(q) = -2*q**2 + 98073*q + 26030668. What is y(-264)?
4
Let f(o) = -o**3 + 163*o**2 - 4076*o - 188. Give f(132).
1924
Let d(k) = k**2 - 140*k - 10067. Calculate d(-47).
-1278
Let j(b) = -190*b - 20343. Calculate j(-107).
-13
Let i(h) = 339*h - 1833. What is i(6)?
201
Let m(u) = -64*u**3 - 19*u - 62. Give m(-3).
1723
Let c(w) = 16902*w - 371846. Give c(22).
-2
Let k(w) = 746*w**2 + 4*w + 72. Determine k(0).
72
Let l(u) = -61*u + 3013. Determine l(58).
-525
Let i(h) = -40898*h - 1840473. What is i(-45)?
-63
Let s(c) = 1206*c + 183516. What is s(-153)?
-1002
Let p(k) = -186*k + 11710. What is p(58)?
922
Let k(b) = -b**3 + 59*b**2 - 34*b - 1138. Give k(58).
254
Let f(m) = -m**3 - 13*m**2 + 29149*m + 262664. Give f(-9).
-1
Let o(s) = -12*s**2 - 187*s - 477. Determine o(-4).
79
Let h(x) = 370301*x - 740589. Determine h(2).
13
Let j(l) = -l**2 + 2085*l - 344627. Calculate j(181).
-3
Let y(s) = -7*s**2 - 27843*s - 388436. Determine y(-14).
-6
Let p(f) = 589*f + 2776. Calculate p(-5).
-169
Let p(w) = -w**2 + 15421*w + 92557. What is p(-6)?
-5
Let z(a) = a**3 + 538*a**2 + 949*a - 65802. What is z(-536)?
126
Let x(n) = n**3 + 125*n**2 - 532*n + 19. Determine x(4).
-45
Let y(m) = -221*m - 3031. Calculate y(-15).
284
Let i(q) = q**3 - 371*q**2 + 3148*q - 6134. What is i(3)?
-2
Let a(k) = -426*k**2 + 2911*k + 484. Give a(7).
-13
Let v(d) = -d**2 - 1353*d - 9422. Give v(-7).
0
Let a(s) = -6*s**3 + 33*s**2 - 58*s + 4. What is a(2)?
-28
Let k(q) = 3437*q + 68826. Determine k(-20).
86
Let m(c) = -c**3 - 76*c**2 + 698*c - 315. Determine m(-84).
-2499
Let q(x) = 624*x - 667. Calculate q(1).
-43
Let v(x) = -2664*x - 229128. What is v(-86)?
-24
Let z(j) = -15364*j - 1183046. What is z(-77)?
-18
Let z(w) = -w**3 + 169*w**2 - 5171*w + 50936. Determine z(133).
-3
Let t(q) = -q**2 + 1775*q + 1374697. Give t(-583).
-17
Let o(h) = 21*h**2 + 1970*h - 13725. Determine o(7).
1094
Let b(r) = 7711*r + 101607. Calculate b(-13).
1364
Let q(z) = -4*z**3 + 955*z**2 - 706*z + 1490. What is q(238)?
3394
Let m(u) = 2*u**2 + 2121*u + 424815. Determine m(-268).
35
Let x(u) = u**3 + 102*u**2 - 3162*u - 205. Give x(25).
120
Let j(w) = w**3 - 5*w**2 + 19183*w - 115139. Determine j(6).
-5
Let z(w) = -4*w**3 + 94*w**2 - 83*w + 3160. Give z(24).
16
Let o(d) = 10*d**2 - 336*d + 43. Determine o(33).
-155
Let v(w) = -3641*w**2 - 87390*w - 142. Give v(-24).
2
Let p(q) = 1235*q - 33214. What is p(28)?
1366
Let a(s) = -1747677*s + 1747673. Calculate a(1).
-4
Let w(l) = -2281*l - 187139. What is w(-82)?
-97
Let t(z) = -217932*z + 1089679. Calculate t(5).
19
Let s(j) = 3*j**3 + 13*j**2 + 122*j + 299. What is s(-3)?
-31
Let h(m) = 44*m**2 + 120*m - 46. Calculate h(-3).
-10
Let i(l) = -l**2 + 366*l + 284. Determine i(369).
-823
Let w(a) = 701178*a + 701185. Give w(-1).
7
Let r(x) = -x**2 - 56898*x + 227595. Give r(4).
-13
Let q(t) = -t**3 + 92*t**2 + 288*t + 73. Give q(95).
358
Let v(a) = -2826*a - 5660. Calculate v(-2).
-8
Let s(u) = 6501*u + 19086. Calculate s(-3).
-417
Let i(v) = -3*v**2 + 16*v + 1080. Determine i(25).
-395
Let k(i) = 61*i**2 + 52*i - 130. Determine k(3).
575
Let u(z) = 222*z - 248. Determine u(4).
640
Let p(w) = 15*w**2 - 2288*w - 5742. What is p(155)?
-7
Let n(w) = 10175*w - 396713. Determine n(39).
112
Let m(s) = 318*s - 1971. Calculate m(5).
-381
Let h(q) = q**3 - 3*q**2 - 237*q + 1043. Calculate h(5).
-92
Let c(i) = -30*i**2 + 146*i - 27. Determine c(8).
-779
Let n(r) = 29*r**2 - 5966*r + 10078. What is n(204)?
-122
Let q(s) = 17*s**3 + 3*s**2 + 19*s + 3. Give q(-6).
-3675
Let k(g) = g**3 + 151*g**2 - 642*g - 3415. What is k(-155)?
-5
Let r(p) = 6*p**2 - 20*p - 27. Determine r(3).
-33
Let t(x) = -148*x**2 + 4144*x + 57. Calculate t(28).
57
Let a(x) = x**3 - 3*x**2 + 2185*x - 22636. Determine a(10).
-86
Let k(z) = -3*z**3 - 13*z**2 + 152*z - 38. Calculate k(7).
-640
Let x(h) = -3832*h - 272062. Give x(-71).
10
Let u(q) = 3*q**2 - 48*q - 713. What is u(30)?
547
Let f(s) = -9380*s + 2851547. Give f(304).
27
Let g(o) = -o**3 + 136*o**2 - 348*o - 6799. Calculate g(133).
-16
Let d(r) = 8*r**2 - 153*r + 276. Give d(14).
-298
Let w(i) = -15038*i - 60128. Calculate w(-4).
24
Let f(o) = -2*o**2 - 3349*o + 50719. What is f(15)?
34
Let r(w) = -w**2 + 8025*w - 1273811. Give r(162).
-5
Let s(b) = 4*b**2 + 1047*b - 25220. Give s(22).
-250
Let f(b) = -242*b**2 + 792*b - 222. What is f(3)?
-24
Let q(x) = 5*x**3 - 1423*x**2 - 584*x + 4026. Give q(285).
36
Let p(l) = -289*l + 5105. Calculate p(20).
-675
Let p(a) = -a**3 + 152*a**2 + 461*a + 598. Determine p(155).
-22
Let t(h) = -4021*h - 68338. Determine t(-17).
19
Let f(i) = -7*i**2 - 98*i - 98. Determine f(-1).
-7
Let m(p) = 7459*p + 44468. What is m(-6)?
-286
Let j(w) = 170*w**2 - 138*w + 272. What is j(2)?
676
Let b(h) = 2*h**2 - 5438*h - 969985. Give b(-168).
47
Let g(x) = -12705*x - 100. Calculate g(0).
-100
Let f(q) = -q**3 - 25*q**2 - 22*q + 593. Calculate f(-23).
41
Let l(d) = -d**3 - 59*d**2 + 6940*d + 402102. Determine l(-57).
24
Let d(c) = -450*c - 313. Give d(0).
-313
Let s(j) = 1300*j - 17587. What is s(14)?
613
Let z(k) = -k**3 - 28*k**2 - 815*k - 7461. Give z(-12).
15
Let i(p) = p**2 + 2017*p - 30461. Determine i(15).
19
Let w(d) = -2*d**2 + 147*d + 141806. Give w(307).
-1563
Let t(a) = 3*a**3 + 221*a**2 + 3757*a - 132. Give t(-47).
9
Let w(i) = -14538*i + 188839. Determine w(13).
-155
Let f(x) = -x**2 - 979*x + 53560. Give f(52).
-52
Let v(f) = 10*f**3 - 122*f**2 - 13*f - 2. Calculate v(12).
-446
Let k(i) = -i**2 - 3529*i - 108504. Determine k(-31).
-66
Let z(h) = 133*h + 5188. Calculate z(-26).
1730
Let z(w) = 1854*w + 3773. Give z(-2).
65
Let q(j) = -3*j**2 - 3*j + 1986. Determine q(-22).